5 + 43. Let p = 50 + -22. Let w = l + p. Let z(r) = -3*r - 5. Give z(w).
7
Let h(y) be the first derivative of y**3/3 - 4*y**2 - 7*y + 258. Let s = -2 + 8. Determine h(s).
-19
Let k = 1 - 1. Suppose 3*t = 6, 4*t + k = -w + 2. Let z(j) = -2*j**2 - j**3 - 4*j**2 + 175 - 177. Calculate z(w).
-2
Let d(k) = -7*k - 2. Let i(w) = w**3 - w**2 + w + 2. Let v be i(0). What is d(v)?
-16
Suppose -o - 3*o - 28 = 0. Let p(x) = -2*x - 2. Give p(o).
12
Let k(w) = -46*w**2 + 97*w**2 - 52*w**2 + 9*w + 11. Determine k(10).
1
Let t(i) = -i - 12. Let w be t(-9). Let f(d) = 2*d**2 + 2*d - 2. Give f(w).
10
Suppose o - 4*o - 12 = 0. Let a(n) = n**2 + n + 1. Let r(x) = 79*x - 9 - x**3 - 41*x - 8*x**2 - 48*x. Let s(u) = -3*a(u) - r(u). Determine s(o).
-6
Let t(w) = w**2 - w + 1. Let j(b) = -b**2 - b - 6. Let h(i) = -j(i) - 2*t(i). Suppose -6*y + 36 = -60. Suppose -3*a + 12 = -7*a, 0 = -2*n + 2*a + y. Give h(n).
-6
Suppose 0 = 62*z - 68*z. Let x be 7 - z - ((-1)/(-1) + -1). Let n(p) = p**2 - 5*p. What is n(x)?
14
Let r(w) = -w**3 - 4*w**2 + 6*w + 2. Let d be r(-5). Let k(x) = 27*x**2 + 27*x. Let i(m) = -7*m**2 - 7*m. Let l(j) = -23*i(j) - 6*k(j). Give l(d).
-6
Let k be -1*2/6*(14 + -11). Let s(t) = 18*t**3 - t. What is s(k)?
-17
Let b = 9 + -6. Suppose i = -b*i. Suppose -j - 4 - 2 = i. Let y(m) = m + 4. Calculate y(j).
-2
Let x(c) = 7*c**2 - 4*c + 1. Let w(n) = 2*n**2 - 1. Let p(d) = 2*w(d) - x(d). Determine p(3).
-18
Let y(r) = 8*r - 58. Let a(t) = -4*t + 27. Let d(o) = -13*a(o) - 6*y(o). What is d(2)?
5
Let p be -10*(2 + -3)/(-2). Let o be 4 + p - 6/(-1). Let b(c) = -6 - c**3 + 10 + 2 + 5*c**2 - 2*c. What is b(o)?
-4
Let f(v) be the first derivative of -v**4/4 + 4*v**3/3 + 5*v**2/2 + 4*v - 1. Let k = 5 - 2. Suppose 0 = k*d - 19 + 4. What is f(d)?
4
Let o(l) = l**2 - l. Let p(q) = -7*q**2 + 13*q. Let i(s) = -6*o(s) - p(s). Let j(f) = 2*f**2 - 4*f + 1. Let u be j(3). Give i(u).
0
Let v(p) = -5*p**2 - 1. Let k(b) = -b + 9. Let w be 162/39 + (-8)/52. Let s be k(w). Suppose -4*j - s*q + 4 + 15 = 0, -j + 4*q - 11 = 0. What is v(j)?
-6
Let p(c) be the first derivative of -3/2*c**3 - 1/12*c**4 - 3*c**2 - 1 - 4*c. Let b(v) be the first derivative of p(v). Determine b(-4).
14
Let p(c) = c + 3. Let s be p(3). Let v(i) be the second derivative of i**5/20 - 5*i**4/12 - 5*i**3/3 + 4*i**2 + 15*i. Give v(s).
-16
Let n(p) be the first derivative of 2*p**3/3 - 3*p**2/2 + p - 92. Let m = -2 + 5. Calculate n(m).
10
Let a(y) be the second derivative of y**3/6 + y**2/2 - 6*y + 2. Let w(l) = -l**2 - 9*l + 4. Let x be w(-8). Let c = 17 - x. Give a(c).
6
Let l(d) be the first derivative of -d**4/4 - 2*d**3/3 + 7*d**2/2 + 6*d - 176. Determine l(-4).
10
Let l(m) = -5*m**3 - 3*m**2 - 7*m - 4. Let b(z) = -9*z**3 - 7*z**2 - 13*z - 8. Let u(x) = -4*b(x) + 7*l(x). Determine u(-6).
22
Let w be 4/(-3) - (-188)/141. Let x(z) be the second derivative of w + 5*z + 1/2*z**4 + 0*z**2 + 1/20*z**5 + 0*z**3. Give x(-6).
0
Let o(y) = -y**2 - 7*y + 5. Let z(x) = 2*x + 2. Let w be z(-4). Let i be o(w). Suppose -l + 5*n - i = 0, l - n + 0 = 1. Let d(p) = -p - 2. Determine d(l).
-6
Suppose -5*k + 33 = -l, -2*k + 7*l + 18 = 5*l. Let b(n) = -n**3 + 6*n**2 - 2*n - 6. Give b(k).
-18
Let k(r) = -r**3 - 5*r**2 - 6*r - 6. Let w be k(-4). Let f(v) = 0*v + v**w - 4 + 1 + 1 - 3*v. Let p be f(3). Let x(u) = -2*u**2 - u + 2. Give x(p).
-4
Let f(x) = 9*x**3 + 6*x**2 + 5*x + 3. Let h(s) = 7*s**3 + 6*s**2 + 3*s + 3. Let o(l) = 4*f(l) - 5*h(l). Calculate o(6).
27
Let w(d) = -4*d - 2. Suppose 63 = -18*j + 21*j. Let s = 15 - j. Let a(i) = -i**3 - 6*i**2 - 2. Let v be a(s). Calculate w(v).
6
Let f(o) = o**2 + 8*o - 2. Let d be 3 + (1 - 2 - -1). Let t be (14/d)/((-10)/15). What is f(t)?
-9
Let m(y) = y**3 + 6*y**2 + 7*y + 1. Suppose -18*q + 18 = -24*q. Determine m(q).
7
Let i(y) = y**3 + 4*y**2 - 3*y - 2. Suppose -q = 4*q + 2*l - 22, -2*q = l - 9. Let p be q/24 + 100/(-24). What is i(p)?
10
Let t(l) = l**2 - 5*l + 1. Suppose -25 = -2*z - 3*z. Suppose 0*s - 4*i = 3*s - 20, z*s + 2*i = 24. What is t(s)?
-3
Let g(y) be the first derivative of y**4/4 + y**2/2 + 48*y - 901. Calculate g(0).
48
Let z(r) = -2*r**3 + 4*r**2 + 2*r - 3. Suppose -4 - 17 = -7*o. Calculate z(o).
-15
Let u(d) be the first derivative of -d**2/2 - 126. Suppose 0 = j + 3*j. Give u(j).
0
Let j = 0 - 6. Let s(p) = p**3 + 6*p**2 - p - 4. Let v be s(j). Suppose -10 = -v*g - 8. Let b(n) = -16*n**3 - n + 1. What is b(g)?
-16
Let m(f) = 2*f**3 + 26*f**2 + 22*f - 15. Let j be m(-12). Let y(z) = z - 18. Calculate y(j).
-9
Let y be ((-1)/(-2))/((-1)/(-12)). Let s = -158 + 164. Let f(t) = 3*t - s - 3*t + y*t - 2*t. What is f(4)?
10
Let z(b) = b - 14. Let v be (-9)/2*26/(3 - 16). Determine z(v).
-5
Let d(w) be the second derivative of -w**5/20 + w**4/6 + w**3/6 - 4*w**2 + 2*w + 72. Determine d(2).
-6
Let h(p) be the third derivative of -p**4/4 + p**3 - 242*p**2. Determine h(4).
-18
Let c(p) = p**3 - p**2 - 4*p + 8. Let m(j) = j**3 - 7*j**2 + 13*j - 1. Let d be m(3). What is c(d)?
4
Let d(k) be the first derivative of k**3/3 + k**2/2 - 4*k + 869. Suppose 2*r + 2*r = -12. What is d(r)?
2
Let a(u) = -3*u**3 + 2*u**2 - u. Let y(g) = 11*g**3 - 4*g**2 + 12. Let s(k) = 4*a(k) + y(k). Calculate s(4).
-4
Let f(o) be the second derivative of -7*o**4/12 + o**3/3 + 2*o**2 - 12*o. Let k(p) = -3*p**2 + p + 2. Let z(g) = 2*f(g) - 5*k(g). Determine z(3).
4
Suppose 4*a - 21 = -2*n + 3*n, -2 = 2*a + 2*n. Let h(r) = -5*r + r**3 - 12*r + 15*r - 6*r**2 + a + 0*r**3. What is h(6)?
-8
Let d(h) be the first derivative of -5*h**2/2 + 7. Let k(n) = -n**2 - n + 1. Let g be k(-2). Give d(g).
5
Let z(u) = 5*u**2 + 12*u. Let v(n) = 9*n**2 + 23*n + 1. Let m(j) = 4*v(j) - 7*z(j). Determine m(-6).
-8
Let k(m) = -m + 4. Suppose h - 41 = -3*r + r, -h = -3. Suppose 14*a - 25 = r*a. Determine k(a).
9
Let y(x) be the first derivative of 5*x**3/3 - x**2 - 2*x - 73. What is y(2)?
14
Let q(k) be the second derivative of 0 - 1/8*k**4 + 3*k + 5/2*k**2 - 1/2*k**3. Let z(r) be the first derivative of q(r). Calculate z(-4).
9
Let w(g) = g**3 + 7*g**2 - 4*g + 9. Let v be (5/(75/42))/(4/(-10)). Calculate w(v).
37
Suppose u + 0 - 1 = 0. Let o(t) = -t**2 + 2*t - 1. Let c(z) = 20*z**2 - 4*z + 1. Let p(a) = -c(a) - 2*o(a). What is p(u)?
-17
Let u = -27 - -31. Let y(q) = -u*q + 8*q - 5*q + q**2 - 8*q**2. Calculate y(-1).
-6
Let o(y) = 4*y. Let z(g) = -g. Let s(q) = -4*o(q) - 18*z(q). Suppose 5*k + 3*c = -8, -2*k = -7*k + 5*c. Let t = k - -3. Determine s(t).
4
Let k(s) = 3*s**2 - 20*s + 5. Let z(p) = -p**2 + 7*p - 2. Let l(f) = 6*k(f) + 17*z(f). Let g(v) = -v - 4. Suppose 0 = -4*r - r - 35. Let a be g(r). Give l(a).
2
Suppose 4*c + 5 = -c. Let o(w) = -13*w**2 - 2*w - 1. Give o(c).
-12
Let z(c) = c**2 - 4*c - 3. Suppose -3*h + 44 = -2*m - 5, 3*m + 36 = -3*h. Let d = -10 - m. Let u = d - 1. Give z(u).
9
Let r(s) = 2*s - 2. Let x = 87 + -52. Let n = x - 32. Give r(n).
4
Let g(s) = s**3 - 13*s**2 + 14*s - 18. Let i be ((-3)/(-1))/((-1)/(-4)). Let f be g(i). Let h(t) = t**3 - 5*t**2 - 7*t + 6. Determine h(f).
0
Let t(p) = 46*p - 69*p + 31*p - 4 + 3. Determine t(-1).
-9
Let n(d) = -d**3 + 5*d - 1. Let r(x) = -5*x**3 - 5*x**2 + 30*x - 9. Let c(h) = 6*n(h) - r(h). Determine c(5).
3
Let a(n) be the third derivative of n**4/24 + 7*n**3/6 - 2*n**2. Let m(z) = z**2 - 7*z + 24. Let t be m(7). Suppose -t = 9*j + 12. Calculate a(j).
3
Let g(w) = 2*w + 3. Let o be 6/(-3*6/(-9)). Suppose 0 = -o*j + 3*p + 15, -p = -5*j + 9 + 16. Suppose -4 + 29 = -j*d. Calculate g(d).
-7
Let c(n) = -n**2 - n + 7. Let b(y) = -1. Let l be (-3)/(-12) + ((-2)/8 - -1). Let a(s) = l*c(s) + 5*b(s). Let r(o) = -o - 7. Let t be r(-5). Determine a(t).
0
Let i(l) = -l**3 + 16*l**2 - 13*l - 28. Let o be (180/54)/((-4)/(-18)). Let s be i(o). Let m(t) = -t**3 + 2*t - 1. Determine m(s).
-5
Let o(h) = h**2 - 6*h + 4. Let m(a) = -12*a + 26. Let l be m(6). Let p = l + 51. Determine o(p).
-1
Let q be -3 + (-5 - -4) - -4. Suppose -i - 4*s + 2 = 0, -i + q*s - 5*s = -2. Let b(d) = 3*d**3 - 3*d**2 + d - 1. Calculate b(i).
13
Let m(q) = -3*q**3 + 8*q - 7. Let l(f) = -f**3 - f**2 + f - 1. Let g(o) = -5*l(o) + m(o). Suppose -4*y - 18 = -2*y + 3*d, 3 = 3*y - 3*d. Calculate g(y).
-20
Let h(m) = -8*m**3 - 6*m**3 + 17*m**3 + 1 + 3*m + 5*m**2 - 5*m**3. What is h(3)?
1
Let v be 2/(-1) - -11 - 